{"id":10562,"date":"2026-02-11T15:33:46","date_gmt":"2026-02-11T15:33:46","guid":{"rendered":"https:\/\/groupefranc.com\/index.php\/portraits\/10562-2\/"},"modified":"2026-02-11T22:10:08","modified_gmt":"2026-02-11T22:10:08","slug":"yann-daoudlarian-2","status":"publish","type":"page","link":"https:\/\/groupefranc.com\/index.php\/portraits\/yann-daoudlarian-2\/","title":{"rendered":"Yann Daoudlarian"},"content":{"rendered":"\t\t<div data-elementor-type=\"wp-page\" data-elementor-id=\"10562\" class=\"elementor elementor-10562\">\n\t\t\t\t\t\t<section class=\"elementor-section elementor-top-section elementor-element elementor-element-8af2734 elementor-section-full_width background-primary elementor-section-height-min-height elementor-section-items-top elementor-section-height-default wpr-particle-no wpr-jarallax-no wpr-parallax-no wpr-sticky-section-no\" data-id=\"8af2734\" data-element_type=\"section\" data-e-type=\"section\" data-settings=\"{&quot;background_background&quot;:&quot;classic&quot;}\">\n\t\t\t\t\t\t\t<div class=\"elementor-background-overlay\"><\/div>\n\t\t\t\t\t\t\t<div class=\"elementor-container elementor-column-gap-no\">\n\t\t\t\t\t<div class=\"elementor-column elementor-col-50 elementor-top-column elementor-element elementor-element-9a65c76 m_auto-responsive \" data-id=\"9a65c76\" data-element_type=\"column\" data-e-type=\"column\">\n\t\t\t<div class=\"elementor-widget-wrap elementor-element-populated\">\n\t\t\t\t\t\t<div class=\"elementor-element elementor-element-7abaf4e portrait_title maxime elementor-widget elementor-widget-heading\" data-id=\"7abaf4e\" data-element_type=\"widget\" data-e-type=\"widget\" data-settings=\"{&quot;_animation&quot;:&quot;none&quot;}\" data-widget_type=\"heading.default\">\n\t\t\t\t\t<h2 class=\"elementor-heading-title elementor-size-default\">CONCEVOIR POUR DURER, B\u00c2TIR POUR TRANSFORMER, ANTICIPER POUR MIEUX TRANSMETTRE\n<\/h2>\t\t\t\t<\/div>\n\t\t\t\t<div class=\"elementor-element elementor-element-c2fb4ff animated-fast portrait_title name elementor-widget elementor-widget-heading\" data-id=\"c2fb4ff\" data-element_type=\"widget\" data-e-type=\"widget\" data-settings=\"{&quot;_animation&quot;:&quot;none&quot;}\" data-widget_type=\"heading.default\">\n\t\t\t\t\t<h1 class=\"elementor-heading-title elementor-size-default\">Yann Daoudlarian<\/h1>\t\t\t\t<\/div>\n\t\t\t\t<div class=\"elementor-element elementor-element-4399d97 animated-fast portrait_title title elementor-widget elementor-widget-heading\" data-id=\"4399d97\" data-element_type=\"widget\" data-e-type=\"widget\" data-settings=\"{&quot;_animation&quot;:&quot;none&quot;}\" data-widget_type=\"heading.default\">\n\t\t\t\t\t<h2 class=\"elementor-heading-title elementor-size-default\">Pr\u00e9sident et Associ\u00e9 du GROUPE FRANC ARCHITECTURES\u200b<\/h2>\t\t\t\t<\/div>\n\t\t\t\t<div class=\"elementor-element elementor-element-2fc0448 animated-slow elementor-widget__width-initial elementor-widget-tablet__width-initial elementor-widget elementor-widget-text-editor\" data-id=\"2fc0448\" data-element_type=\"widget\" data-e-type=\"widget\" data-settings=\"{&quot;_animation&quot;:&quot;none&quot;}\" data-widget_type=\"text-editor.default\">\n\t\t\t\t\t\t\t\t\t<p><span style=\"font-weight: 400;\">Architecte DPLG form\u00e9 \u00e0 Paris, Yann Daoudlarian d\u00e9bute sa carri\u00e8re au sein d\u2019agences de renom (<a href=\"https:\/\/atelierslion.com\/\">Yves Lion<\/a>, Dusapin &amp; Leclercq, Alexandre Chemetoff, Leonard Weissman), o\u00f9 il participe \u00e0 des projets culturels, d\u2019\u00e9quipements, tertiaires et r\u00e9sidentiels d\u2019envergure. Cette immersion lui permet de d\u00e9velopper une approche exigeante, m\u00ealant pr\u00e9cision technique, vision urbaine ou paysag\u00e8re et sens aigu de l&#8217;usage.<\/span><\/p><p><span style=\"font-weight: 400;\">\u00a0 \u00a0Il rejoint l\u2019Agence Franc en 2005, dont il devient associ\u00e9 puis Pr\u00e9sident. Aux c\u00f4t\u00e9s de <a href=\"https:\/\/groupefranc.com\/index.php\/portraits\/gabriel-franc\/\">Gabriel Franc<\/a>, il structure la mont\u00e9e en puissance du groupe et son d\u00e9ploiement national, faisant du <a href=\"https:\/\/groupefranc.com\/index.php\/a-propos-groupe-franc-architectures\/\">GROUPE FRANC ARCHITECTURES<\/a> l\u2019une des r\u00e9f\u00e9rences fran\u00e7aises en mati\u00e8re d\u2019architecture et de conception-r\u00e9alisation dans les secteurs industriels, logistiques, tertiaires et urbains.<\/span><\/p><p><span style=\"font-weight: 400;\">\u00a0 \u00a0Architecte-b\u00e2tisseur assum\u00e9, Yann Daoudlarian a pilot\u00e9 plus de <\/span><b>6 millions de m\u00b2<\/b><span style=\"font-weight: 400;\"> d\u2019op\u00e9rations complexes, plateformes logistiques XXL, sites industriels \u00e0 haute technicit\u00e9, programmes multi-\u00e9tages, projets m\u00e9canis\u00e9s, b\u00e2timents certifi\u00e9s HQE, <a href=\"https:\/\/breeam.com\/about\/how-breeam-works\">BREEAM<\/a>, <a href=\"https:\/\/www.biodivercity.fr\/\">BiodiverCity<\/a> ou encore RE2020 anticipant RE2025. Parmi ces r\u00e9alisations embl\u00e9matiques figurent des projets pour <\/span><b>Amazon, UPS, Safran, Carrefour, Mileway, Altar\u00e9a, Proudreed, Telamon, Nhood, <\/b><span style=\"font-weight: 400;\">ou encore <\/span><b>Veepee<\/b><span style=\"font-weight: 400;\">, couvrant plusieurs centaines de milliers de m\u00e8tres carr\u00e9s.<\/span><\/p>\t\t\t\t\t\t\t\t<\/div>\n\t\t<div class=\"elementor-element elementor-element-2a239d2 e-con-full elementor-hidden-desktop e-flex wpr-particle-no wpr-jarallax-no wpr-parallax-no wpr-sticky-section-no e-con e-parent\" data-id=\"2a239d2\" data-element_type=\"container\" data-e-type=\"container\">\n\t\t<div class=\"elementor-element elementor-element-8840687 e-con-full container_portrait e-flex wpr-particle-no wpr-jarallax-no wpr-parallax-no wpr-sticky-section-no e-con e-child\" data-id=\"8840687\" data-element_type=\"container\" data-e-type=\"container\" id=\"Yann_Daoudlarian\">\n\t\t<div class=\"elementor-element elementor-element-4632552 e-con-full img e-flex wpr-particle-no wpr-jarallax-no wpr-parallax-no wpr-sticky-section-no e-con e-child\" data-id=\"4632552\" data-element_type=\"container\" data-e-type=\"container\" data-settings=\"{&quot;background_background&quot;:&quot;classic&quot;}\">\n\t\t\t\t<\/div>\n\t\t\t\t<\/div>\n\t\t\t\t<\/div>\n\t\t\t\t<div class=\"elementor-element elementor-element-22bc8d1 animated-slow elementor-widget__width-initial elementor-widget-tablet__width-initial elementor-widget elementor-widget-text-editor\" data-id=\"22bc8d1\" data-element_type=\"widget\" data-e-type=\"widget\" data-settings=\"{&quot;_animation&quot;:&quot;none&quot;}\" data-widget_type=\"text-editor.default\">\n\t\t\t\t\t\t\t\t\t<p><span style=\"font-weight: 400;\">\u00a0 \u00a0Sa vision repose sur une conviction forte : <\/span><b>l\u2019architecture doit concilier performance, p\u00e9rennit\u00e9 et responsabilit\u00e9<\/b><span style=\"font-weight: 400;\">, en s\u2019appuyant sur la ma\u00eetrise des enjeux techniques, l\u2019optimisation des usages et l\u2019int\u00e9gration territoriale. Sous son impulsion, le Groupe affirme un positionnement clair : accompagner la transformation urbaine, anticiper les mutations \u00e9nerg\u00e9tiques et environnementales, et concevoir des b\u00e2timents modulables, \u00e9volutifs et responsables.<\/span><\/p><p><span style=\"font-weight: 400;\">\u00a0 \u00a0Yann Daoudlarian d\u00e9fend une architecture engag\u00e9e : pragmatique, humaine et tourn\u00e9e vers l\u2019avenir, o\u00f9 l\u2019exigence constructive rencontre la cr\u00e9ativit\u00e9, et o\u00f9 chaque projet doit contribuer durablement \u00e0 son territoire.<\/span><\/p><p><em><b>\u00ab L\u2019architecture ne se d\u00e9cr\u00e8te pas, elle se construit dans le temps, avec les hommes et pour le territoire. \u00bb<br \/><\/b><\/em><b>YD<\/b><\/p>\t\t\t\t\t\t\t\t<\/div>\n\t\t\t\t\t<\/div>\n\t\t<\/div>\n\t\t\t\t<div class=\"elementor-column elementor-col-50 elementor-top-column elementor-element elementor-element-ee756c6 elementor-hidden-tablet elementor-hidden-mobile\" data-id=\"ee756c6\" data-element_type=\"column\" data-e-type=\"column\" data-settings=\"{&quot;background_background&quot;:&quot;classic&quot;}\">\n\t\t\t<div class=\"elementor-widget-wrap elementor-element-populated\">\n\t\t\t\t<div class=\"elementor-element elementor-element-0e3646b e-con-full container_portrait e-flex wpr-particle-no wpr-jarallax-no wpr-parallax-no wpr-sticky-section-no e-con e-child\" data-id=\"0e3646b\" data-element_type=\"container\" data-e-type=\"container\" id=\"Yann_Daoudlarian\">\n\t\t<div class=\"elementor-element elementor-element-7953ed7 e-con-full img e-flex wpr-particle-no wpr-jarallax-no wpr-parallax-no wpr-sticky-section-no e-con e-child\" data-id=\"7953ed7\" data-element_type=\"container\" data-e-type=\"container\" data-settings=\"{&quot;background_background&quot;:&quot;classic&quot;}\">\n\t\t\t\t<\/div>\n\t\t\t\t<\/div>\n\t\t\t\t\t<\/div>\n\t\t<\/div>\n\t\t\t\t\t<\/div>\n\t\t<\/section>\n\t\t\t\t<\/div>\n\t\t","protected":false},"excerpt":{"rendered":"<p>CONCEVOIR POUR DURER, B\u00c2TIR POUR TRANSFORMER, ANTICIPER POUR MIEUX TRANSMETTRE Yann Daoudlarian Pr\u00e9sident et Associ\u00e9 du GROUPE FRANC ARCHITECTURES\u200b Architecte DPLG form\u00e9 \u00e0 Paris, Yann Daoudlarian d\u00e9bute sa carri\u00e8re au sein d\u2019agences de renom (Yves Lion, Dusapin &amp; Leclercq, Alexandre Chemetoff, Leonard Weissman), o\u00f9 il participe \u00e0 des projets culturels, d\u2019\u00e9quipements, tertiaires et r\u00e9sidentiels d\u2019envergure. Cette immersion lui permet de d\u00e9velopper une approche exigeante, m\u00ealant pr\u00e9cision technique, vision urbaine ou paysag\u00e8re et sens aigu de l&#8217;usage. \u00a0 \u00a0Il rejoint l\u2019Agence Franc en 2005, dont il devient associ\u00e9 puis Pr\u00e9sident. Aux c\u00f4t\u00e9s de Gabriel Franc, il structure la mont\u00e9e en puissance du groupe et son d\u00e9ploiement national, faisant du GROUPE FRANC ARCHITECTURES l\u2019une des r\u00e9f\u00e9rences fran\u00e7aises en mati\u00e8re d\u2019architecture et de conception-r\u00e9alisation dans les secteurs industriels, logistiques, tertiaires et urbains. \u00a0 \u00a0Architecte-b\u00e2tisseur assum\u00e9, Yann Daoudlarian a pilot\u00e9 plus de 6 millions de m\u00b2 d\u2019op\u00e9rations complexes, plateformes logistiques XXL, sites industriels \u00e0 haute technicit\u00e9, programmes multi-\u00e9tages, projets m\u00e9canis\u00e9s, b\u00e2timents certifi\u00e9s HQE, BREEAM, BiodiverCity ou encore RE2020 anticipant RE2025. Parmi ces r\u00e9alisations embl\u00e9matiques figurent des projets pour Amazon, UPS, Safran, Carrefour, Mileway, Altar\u00e9a, Proudreed, Telamon, Nhood, ou encore Veepee, couvrant plusieurs centaines de milliers de m\u00e8tres carr\u00e9s. \u00a0 \u00a0Sa vision repose sur une conviction forte : l\u2019architecture doit concilier performance, p\u00e9rennit\u00e9 et responsabilit\u00e9, en s\u2019appuyant sur la ma\u00eetrise des enjeux techniques, l\u2019optimisation des usages et l\u2019int\u00e9gration territoriale. Sous son impulsion, le Groupe affirme un positionnement clair : accompagner la transformation urbaine, anticiper les mutations \u00e9nerg\u00e9tiques et environnementales, et concevoir des b\u00e2timents modulables, \u00e9volutifs et responsables. \u00a0 \u00a0Yann Daoudlarian d\u00e9fend une architecture engag\u00e9e : pragmatique, humaine et tourn\u00e9e vers l\u2019avenir, o\u00f9 l\u2019exigence constructive rencontre la cr\u00e9ativit\u00e9, et o\u00f9 chaque projet doit contribuer durablement \u00e0 son territoire. \u00ab L\u2019architecture ne se d\u00e9cr\u00e8te pas, elle se construit dans le temps, avec les hommes et pour le territoire. \u00bbYD<\/p>\n","protected":false},"author":1,"featured_media":0,"parent":4082,"menu_order":0,"comment_status":"closed","ping_status":"closed","template":"elementor_canvas","meta":{"_vp_format_video_url":"","_vp_image_focal_point":[],"footnotes":""},"class_list":["post-10562","page","type-page","status-publish","hentry"],"yoast_head":"<!-- This site is optimized with the Yoast SEO plugin v27.1.1 - https:\/\/yoast.com\/product\/yoast-seo-wordpress\/ -->\n<title>Yann Daoudlarian - GROUPE FRANC ARCHITECTURES<\/title>\n<meta name=\"description\" content=\"Gabriel Franc, Pr\u00e9sident du Groupe Franc Architectures. Entrepreneur visionnaire expert en conception-r\u00e9alisation et immobilier durable\" \/>\n<meta name=\"robots\" content=\"index, follow, max-snippet:-1, max-image-preview:large, max-video-preview:-1\" \/>\n<link rel=\"canonical\" href=\"https:\/\/groupefranc.com\/index.php\/portraits\/yann-daoudlarian-2\/\" \/>\n<meta property=\"og:locale\" content=\"en_US\" \/>\n<meta property=\"og:type\" content=\"article\" \/>\n<meta property=\"og:title\" content=\"Gabriel Franc\" \/>\n<meta property=\"og:description\" content=\"Gabriel Franc, Pr\u00e9sident du Groupe Franc Architectures. Entrepreneur visionnaire expert en conception-r\u00e9alisation et immobilier durable\" \/>\n<meta property=\"og:url\" content=\"https:\/\/groupefranc.com\/index.php\/portraits\/yann-daoudlarian-2\/\" \/>\n<meta property=\"og:site_name\" content=\"GROUPE FRANC ARCHITECTURES\" \/>\n<meta property=\"article:modified_time\" content=\"2026-02-11T22:10:08+00:00\" \/>\n<meta property=\"og:image\" content=\"https:\/\/groupefranc.com\/wp-content\/uploads\/2025\/11\/Gabriel-Franc.webp\" \/>\n\t<meta property=\"og:image:width\" content=\"1094\" \/>\n\t<meta property=\"og:image:height\" content=\"1641\" \/>\n\t<meta property=\"og:image:type\" content=\"image\/webp\" \/>\n<meta name=\"twitter:card\" content=\"summary_large_image\" \/>\n<meta name=\"twitter:label1\" content=\"Est. reading time\" \/>\n\t<meta name=\"twitter:data1\" content=\"2 minutes\" \/>\n<script type=\"application\/ld+json\" class=\"yoast-schema-graph\">{\"@context\":\"https:\/\/schema.org\",\"@graph\":[{\"@type\":\"WebPage\",\"@id\":\"https:\/\/groupefranc.com\/index.php\/portraits\/yann-daoudlarian-2\/\",\"url\":\"https:\/\/groupefranc.com\/index.php\/portraits\/yann-daoudlarian-2\/\",\"name\":\"Yann Daoudlarian - GROUPE FRANC ARCHITECTURES\",\"isPartOf\":{\"@id\":\"https:\/\/groupefranc.com\/#website\"},\"datePublished\":\"2026-02-11T15:33:46+00:00\",\"dateModified\":\"2026-02-11T22:10:08+00:00\",\"description\":\"Gabriel Franc, Pr\u00e9sident du Groupe Franc Architectures. Entrepreneur visionnaire expert en conception-r\u00e9alisation et immobilier durable\",\"breadcrumb\":{\"@id\":\"https:\/\/groupefranc.com\/index.php\/portraits\/yann-daoudlarian-2\/#breadcrumb\"},\"inLanguage\":\"en-US\",\"potentialAction\":[{\"@type\":\"ReadAction\",\"target\":[\"https:\/\/groupefranc.com\/index.php\/portraits\/yann-daoudlarian-2\/\"]}]},{\"@type\":\"BreadcrumbList\",\"@id\":\"https:\/\/groupefranc.com\/index.php\/portraits\/yann-daoudlarian-2\/#breadcrumb\",\"itemListElement\":[{\"@type\":\"ListItem\",\"position\":1,\"name\":\"Home\",\"item\":\"https:\/\/groupefranc.com\/\"},{\"@type\":\"ListItem\",\"position\":2,\"name\":\"Portraits\",\"item\":\"https:\/\/groupefranc.com\/index.php\/portraits\/\"},{\"@type\":\"ListItem\",\"position\":3,\"name\":\"Yann Daoudlarian\"}]},{\"@type\":\"WebSite\",\"@id\":\"https:\/\/groupefranc.com\/#website\",\"url\":\"https:\/\/groupefranc.com\/\",\"name\":\"GROUPE FRANC ARCHITECTURES\",\"description\":\"\",\"publisher\":{\"@id\":\"https:\/\/groupefranc.com\/#organization\"},\"potentialAction\":[{\"@type\":\"SearchAction\",\"target\":{\"@type\":\"EntryPoint\",\"urlTemplate\":\"https:\/\/groupefranc.com\/?s={search_term_string}\"},\"query-input\":{\"@type\":\"PropertyValueSpecification\",\"valueRequired\":true,\"valueName\":\"search_term_string\"}}],\"inLanguage\":\"en-US\"},{\"@type\":\"Organization\",\"@id\":\"https:\/\/groupefranc.com\/#organization\",\"name\":\"GROUPE FRANC ARCHITECTURES\",\"url\":\"https:\/\/groupefranc.com\/\",\"logo\":{\"@type\":\"ImageObject\",\"inLanguage\":\"en-US\",\"@id\":\"https:\/\/groupefranc.com\/#\/schema\/logo\/image\/\",\"url\":\"https:\/\/groupefranc.com\/wp-content\/uploads\/2021\/12\/cropped-logo.png\",\"contentUrl\":\"https:\/\/groupefranc.com\/wp-content\/uploads\/2021\/12\/cropped-logo.png\",\"width\":705,\"height\":723,\"caption\":\"GROUPE FRANC ARCHITECTURES\"},\"image\":{\"@id\":\"https:\/\/groupefranc.com\/#\/schema\/logo\/image\/\"},\"sameAs\":[\"https:\/\/www.linkedin.com\/company\/groupe-franc\/\"]}]}<\/script>\n<!-- \/ Yoast SEO plugin. -->","yoast_head_json":{"title":"Yann Daoudlarian - GROUPE FRANC ARCHITECTURES","description":"Gabriel Franc, Pr\u00e9sident du Groupe Franc Architectures. Entrepreneur visionnaire expert en conception-r\u00e9alisation et immobilier durable","robots":{"index":"index","follow":"follow","max-snippet":"max-snippet:-1","max-image-preview":"max-image-preview:large","max-video-preview":"max-video-preview:-1"},"canonical":"https:\/\/groupefranc.com\/index.php\/portraits\/yann-daoudlarian-2\/","og_locale":"en_US","og_type":"article","og_title":"Gabriel Franc","og_description":"Gabriel Franc, Pr\u00e9sident du Groupe Franc Architectures. Entrepreneur visionnaire expert en conception-r\u00e9alisation et immobilier durable","og_url":"https:\/\/groupefranc.com\/index.php\/portraits\/yann-daoudlarian-2\/","og_site_name":"GROUPE FRANC ARCHITECTURES","article_modified_time":"2026-02-11T22:10:08+00:00","og_image":[{"width":1094,"height":1641,"url":"https:\/\/groupefranc.com\/wp-content\/uploads\/2025\/11\/Gabriel-Franc.webp","type":"image\/webp"}],"twitter_card":"summary_large_image","twitter_misc":{"Est. reading time":"2 minutes"},"schema":{"@context":"https:\/\/schema.org","@graph":[{"@type":"WebPage","@id":"https:\/\/groupefranc.com\/index.php\/portraits\/yann-daoudlarian-2\/","url":"https:\/\/groupefranc.com\/index.php\/portraits\/yann-daoudlarian-2\/","name":"Yann Daoudlarian - GROUPE FRANC ARCHITECTURES","isPartOf":{"@id":"https:\/\/groupefranc.com\/#website"},"datePublished":"2026-02-11T15:33:46+00:00","dateModified":"2026-02-11T22:10:08+00:00","description":"Gabriel Franc, Pr\u00e9sident du Groupe Franc Architectures. Entrepreneur visionnaire expert en conception-r\u00e9alisation et immobilier durable","breadcrumb":{"@id":"https:\/\/groupefranc.com\/index.php\/portraits\/yann-daoudlarian-2\/#breadcrumb"},"inLanguage":"en-US","potentialAction":[{"@type":"ReadAction","target":["https:\/\/groupefranc.com\/index.php\/portraits\/yann-daoudlarian-2\/"]}]},{"@type":"BreadcrumbList","@id":"https:\/\/groupefranc.com\/index.php\/portraits\/yann-daoudlarian-2\/#breadcrumb","itemListElement":[{"@type":"ListItem","position":1,"name":"Home","item":"https:\/\/groupefranc.com\/"},{"@type":"ListItem","position":2,"name":"Portraits","item":"https:\/\/groupefranc.com\/index.php\/portraits\/"},{"@type":"ListItem","position":3,"name":"Yann Daoudlarian"}]},{"@type":"WebSite","@id":"https:\/\/groupefranc.com\/#website","url":"https:\/\/groupefranc.com\/","name":"GROUPE FRANC ARCHITECTURES","description":"","publisher":{"@id":"https:\/\/groupefranc.com\/#organization"},"potentialAction":[{"@type":"SearchAction","target":{"@type":"EntryPoint","urlTemplate":"https:\/\/groupefranc.com\/?s={search_term_string}"},"query-input":{"@type":"PropertyValueSpecification","valueRequired":true,"valueName":"search_term_string"}}],"inLanguage":"en-US"},{"@type":"Organization","@id":"https:\/\/groupefranc.com\/#organization","name":"GROUPE FRANC ARCHITECTURES","url":"https:\/\/groupefranc.com\/","logo":{"@type":"ImageObject","inLanguage":"en-US","@id":"https:\/\/groupefranc.com\/#\/schema\/logo\/image\/","url":"https:\/\/groupefranc.com\/wp-content\/uploads\/2021\/12\/cropped-logo.png","contentUrl":"https:\/\/groupefranc.com\/wp-content\/uploads\/2021\/12\/cropped-logo.png","width":705,"height":723,"caption":"GROUPE FRANC ARCHITECTURES"},"image":{"@id":"https:\/\/groupefranc.com\/#\/schema\/logo\/image\/"},"sameAs":["https:\/\/www.linkedin.com\/company\/groupe-franc\/"]}]}},"_links":{"self":[{"href":"https:\/\/groupefranc.com\/index.php\/wp-json\/wp\/v2\/pages\/10562","targetHints":{"allow":["GET"]}}],"collection":[{"href":"https:\/\/groupefranc.com\/index.php\/wp-json\/wp\/v2\/pages"}],"about":[{"href":"https:\/\/groupefranc.com\/index.php\/wp-json\/wp\/v2\/types\/page"}],"author":[{"embeddable":true,"href":"https:\/\/groupefranc.com\/index.php\/wp-json\/wp\/v2\/users\/1"}],"replies":[{"embeddable":true,"href":"https:\/\/groupefranc.com\/index.php\/wp-json\/wp\/v2\/comments?post=10562"}],"version-history":[{"count":31,"href":"https:\/\/groupefranc.com\/index.php\/wp-json\/wp\/v2\/pages\/10562\/revisions"}],"predecessor-version":[{"id":10881,"href":"https:\/\/groupefranc.com\/index.php\/wp-json\/wp\/v2\/pages\/10562\/revisions\/10881"}],"up":[{"embeddable":true,"href":"https:\/\/groupefranc.com\/index.php\/wp-json\/wp\/v2\/pages\/4082"}],"wp:attachment":[{"href":"https:\/\/groupefranc.com\/index.php\/wp-json\/wp\/v2\/media?parent=10562"}],"curies":[{"name":"wp","href":"https:\/\/api.w.org\/{rel}","templated":true}]}}