{"id":2197,"date":"2025-11-11T11:34:29","date_gmt":"2025-11-11T11:34:29","guid":{"rendered":"https:\/\/groupefranc.com\/index.php\/a-propos-2-2\/"},"modified":"2026-03-06T09:51:14","modified_gmt":"2026-03-06T09:51:14","slug":"agence-franc-architectures-bordeaux","status":"publish","type":"page","link":"https:\/\/groupefranc.com\/index.php\/agences\/agence-franc-architectures-bordeaux\/","title":{"rendered":"AGENCE FRANC ARCHITECTURES BORDEAUX"},"content":{"rendered":"\t\t<div data-elementor-type=\"wp-page\" data-elementor-id=\"2197\" class=\"elementor elementor-2197\">\n\t\t\t\t\t\t<section class=\"elementor-section elementor-top-section elementor-element elementor-element-727ec21a elementor-section-full_width background-primary elementor-reverse-tablet elementor-reverse-mobile elementor-section-height-default elementor-section-height-default wpr-particle-no wpr-jarallax-no wpr-parallax-no wpr-sticky-section-no\" data-id=\"727ec21a\" data-element_type=\"section\" data-e-type=\"section\" id=\"about_landing\" data-settings=\"{&quot;background_background&quot;:&quot;classic&quot;}\">\n\t\t\t\t\t\t\t<div class=\"elementor-background-overlay\"><\/div>\n\t\t\t\t\t\t\t<div class=\"elementor-container elementor-column-gap-no\">\n\t\t\t\t\t<div class=\"elementor-column elementor-col-50 elementor-top-column elementor-element elementor-element-79ddc0cd\" data-id=\"79ddc0cd\" data-element_type=\"column\" data-e-type=\"column\">\n\t\t\t<div class=\"elementor-widget-wrap elementor-element-populated\">\n\t\t\t\t\t\t<div class=\"elementor-element elementor-element-2a79630d animated-fast elementor-hidden-tablet elementor-hidden-mobile elementor-widget elementor-widget-heading\" data-id=\"2a79630d\" data-element_type=\"widget\" data-e-type=\"widget\" data-settings=\"{&quot;_animation&quot;:&quot;none&quot;}\" data-widget_type=\"heading.default\">\n\t\t\t\t\t<h1 class=\"elementor-heading-title elementor-size-default\">AGENCE FRANC ARCHITECTURES BORDEAUX<\/h1>\t\t\t\t<\/div>\n\t\t\t\t<div class=\"elementor-element elementor-element-253e6275 animated-slow elementor-widget elementor-widget-text-editor\" data-id=\"253e6275\" data-element_type=\"widget\" data-e-type=\"widget\" data-settings=\"{&quot;_animation&quot;:&quot;none&quot;}\" data-widget_type=\"text-editor.default\">\n\t\t\t\t\t\t\t\t\t<div class=\"row\"><div class=\"col-lg-12\"><p>L\u2019AGENCE FRANC ARCHITECTURES BORDEAUX<span style=\"font-weight: 400;\"> trouve son origine en 1993, lorsque Pierre d\u2019Avout fonde ARCHICONCEPT, une agence qui s\u2019impose rapidement dans le paysage r\u00e9gional par la qualit\u00e9 de ses projets et son exigence technique. <\/span>En 2019, l\u2019agence rejoint le <a href=\"https:\/\/groupefranc.com\/index.php\/a-propos-groupe-franc-architectures\/\">GROUPE FRANC ARCHITECTURES<\/a><span style=\"font-weight: 400;\">, avant de devenir officiellement AGENCE FRANC BORDEAUX en 2023. Cette \u00e9volution marque l\u2019affirmation d\u2019une nouvelle dynamique port\u00e9e par <\/span><a href=\"https:\/\/groupefranc.com\/index.php\/portraits\/jeffer-ogera\/\">Jeffer Ogera<\/a><span style=\"font-weight: 400;\">, cofondateur de Studio Franc et aujourd\u2019hui Pr\u00e9sident de l\u2019agence, et par <\/span><a href=\"https:\/\/groupefranc.com\/index.php\/portraits\/danielle-campos-beauchene\/\">Danielle Campos Beauchesne<\/a><span style=\"font-weight: 400;\">, Directrice G\u00e9n\u00e9rale.<\/span><\/p><p><span style=\"font-weight: 400;\">\u00a0 \u00a0Tous deux apportent une vision nourrie par des ann\u00e9es de formation et de pratique aupr\u00e8s de figures internationales de l\u2019architecture, <\/span>\u00c1lvaro Siza<span style=\"font-weight: 400;\">, <\/span>Paulo Mendes da Rocha<span style=\"font-weight: 400;\">, <\/span>Peter Cook<span style=\"font-weight: 400;\">, exp\u00e9riences qui conf\u00e8rent \u00e0 l\u2019agence un regard singulier, sensible et ma\u00eetris\u00e9. Leur gouvernance associe excellence technique, culture du projet construit et attention port\u00e9e au caract\u00e8re propre de chaque territoire.<\/span><\/p><p>\u00a0 \u00a0Depuis plus de trente ans<span style=\"font-weight: 400;\">, l\u2019agence d\u00e9veloppe une <\/span>large palette de comp\u00e9tences<span style=\"font-weight: 400;\"> : architecture, ing\u00e9nierie, \u00e9conomie, assistance technique, direction des travaux, conception d\u2019espaces int\u00e9rieurs. Elle intervient dans des domaines vari\u00e9s, logistique, tertiaire, commerce, r\u00e9sidentiel, industrie, r\u00e9habilitation avec la m\u00eame exigence de pr\u00e9cision et de coh\u00e9rence.<\/span><\/p><p><span style=\"font-weight: 400;\">\u00a0 \u00a0Sa situation g\u00e9ographique au c\u0153ur d\u2019un territoire viticole d\u2019exception lui conf\u00e8re une expertise particuli\u00e8re dans les projets vini-viticoles, qui requi\u00e8rent une ma\u00eetrise technique fine, un rapport d\u00e9licat au b\u00e2ti existant et une attention \u00e0 l\u2019image comme au fonctionnement des lieux. L\u2019agence a notamment sign\u00e9 la r\u00e9habilitation du <\/span><a href=\"https:\/\/groupefranc.com\/index.php\/2025\/11\/26\/chateau-la-pointe-pomerol\/\">Ch\u00e2teau La Pointe<\/a><span style=\"font-weight: 400;\"> \u00e0 Pomerol, d\u00e9montrant sa capacit\u00e9 \u00e0 conjuguer compr\u00e9hension du patrimoine, innovations techniques et \u00e9l\u00e9gance architecturale.<\/span><\/p><p><span style=\"font-weight: 400;\">\u00a0 \u00a0L\u2019AGENCE FRANC BORDEAUX est \u00e9galement \u00e0 l\u2019origine du <\/span><a href=\"https:\/\/groupefranc.com\/index.php\/2025\/11\/25\/sephora-orleans\/\">si\u00e8ge social de Sephora \u00e0 Orl\u00e9ans<\/a><span style=\"font-weight: 400;\">, un projet embl\u00e9matique par sa sobri\u00e9t\u00e9, sa lisibilit\u00e9 et la qualit\u00e9 de son \u00e9criture architecturale. Elle poursuit aujourd\u2019hui son d\u00e9veloppement \u00e0 travers des op\u00e9rations d\u2019envergure telles que la plateforme logistique con\u00e7ue pour <\/span>Quartus<span style=\"font-weight: 400;\"> \u00e0 Ayguemorte-les-Graves, o\u00f9 elle affirme son savoir-faire dans la conception-r\u00e9alisation d\u2019ouvrages techniques, performants et parfaitement int\u00e9gr\u00e9s \u00e0 leur environnement.<\/span><\/p><p><span style=\"font-weight: 400;\">\u00a0 \u00a0Plus r\u00e9cemment, l\u2019agence s\u2019est distingu\u00e9e en remportant un concours majeur pour <\/span>Disneyland Paris<span style=\"font-weight: 400;\">, d\u00e9velopp\u00e9 en partenariat avec AXESS ainsi que deux Appels \u00e0 projet pour le compte d\u2019Axdev\u00a0: <\/span>la r\u00e9novation de l\u2019ancien site Renauld<span style=\"font-weight: 400;\"> de Choisy le Roi et <\/span>un parc d\u2019activit\u00e9 \u00e0 Croissy<span style=\"font-weight: 400;\">.<\/span><\/p><p><span style=\"font-weight: 400;\">\u00a0 \u00a0Ce succ\u00e8s t\u00e9moigne de sa capacit\u00e9 \u00e0 aborder des programmes de grande complexit\u00e9, m\u00ealant dimension technique, cr\u00e9ativit\u00e9 et ma\u00eetrise des enjeux op\u00e9rationnels.<\/span><\/p><p><span style=\"font-weight: 400;\">\u00a0 \u00a0Depuis son ancrage bordelais, l\u2019agence cultive une architecture pr\u00e9cise, attentive et contemporaine. Elle privil\u00e9gie la justesse du geste, la ma\u00eetrise constructive, la coh\u00e9rence d\u2019\u00e9chelle et l\u2019\u00e9l\u00e9gance des mati\u00e8res. Chaque projet est envisag\u00e9 comme une rencontre entre la technique, l\u2019usage et le territoire, avec la volont\u00e9 de concevoir des b\u00e2timents durables, lisibles et porteurs d\u2019une identit\u00e9 claire.<\/span><\/p><\/div><\/div>\t\t\t\t\t\t\t\t<\/div>\n\t\t\t\t<div class=\"elementor-element elementor-element-205b8e3 animated-fast elementor-widget elementor-widget-heading\" data-id=\"205b8e3\" data-element_type=\"widget\" data-e-type=\"widget\" data-settings=\"{&quot;_animation&quot;:&quot;none&quot;}\" data-widget_type=\"heading.default\">\n\t\t\t\t\t<h2 class=\"elementor-heading-title elementor-size-default\">Contact<\/h2>\t\t\t\t<\/div>\n\t\t\t\t<div class=\"elementor-element elementor-element-8e8eec6 animated-slow elementor-widget elementor-widget-text-editor\" data-id=\"8e8eec6\" data-element_type=\"widget\" data-e-type=\"widget\" data-settings=\"{&quot;_animation&quot;:&quot;none&quot;}\" data-widget_type=\"text-editor.default\">\n\t\t\t\t\t\t\t\t\t<div class=\"row\"><div class=\"col-lg-12\"><p>AGENCE FRANC BORDEAUX <br \/>23, rue Margaux \u2013 33000 Bordeaux <br \/>T\u00e9l : 05 56 02 50 50<br \/>contact@agencefranc-bx.com<\/p><\/div><\/div>\t\t\t\t\t\t\t\t<\/div>\n\t\t\t\t\t<\/div>\n\t\t<\/div>\n\t\t\t\t<div class=\"elementor-column elementor-col-50 elementor-top-column elementor-element elementor-element-cd575ac\" data-id=\"cd575ac\" data-element_type=\"column\" data-e-type=\"column\" data-settings=\"{&quot;background_background&quot;:&quot;classic&quot;}\">\n\t\t\t<div class=\"elementor-widget-wrap elementor-element-populated\">\n\t\t\t\t\t\t<div class=\"elementor-element elementor-element-a4a7c96 animated-slow agency_logo elementor-widget__width-initial elementor-widget elementor-widget-image\" data-id=\"a4a7c96\" data-element_type=\"widget\" data-e-type=\"widget\" data-settings=\"{&quot;_animation&quot;:&quot;none&quot;}\" data-widget_type=\"image.default\">\n\t\t\t\t\t\t\t\t\t\t\t\t\t\t\t<img fetchpriority=\"high\" decoding=\"async\" width=\"1210\" height=\"1210\" src=\"https:\/\/groupefranc.com\/wp-content\/uploads\/2025\/12\/2-e1770843826183.png\" class=\"attachment-full size-full wp-image-5321\" alt=\"logo AGENCE FRANC ARCHITECTURES BORDEAUX\" srcset=\"https:\/\/groupefranc.com\/wp-content\/uploads\/2025\/12\/2-e1770843826183.png 1210w, https:\/\/groupefranc.com\/wp-content\/uploads\/2025\/12\/2-e1770843826183-300x300.png 300w, https:\/\/groupefranc.com\/wp-content\/uploads\/2025\/12\/2-e1770843826183-1024x1024.png 1024w, https:\/\/groupefranc.com\/wp-content\/uploads\/2025\/12\/2-e1770843826183-150x150.png 150w, https:\/\/groupefranc.com\/wp-content\/uploads\/2025\/12\/2-e1770843826183-768x768.png 768w, https:\/\/groupefranc.com\/wp-content\/uploads\/2025\/12\/2-e1770843826183-500x500.png 500w, https:\/\/groupefranc.com\/wp-content\/uploads\/2025\/12\/2-e1770843826183-800x800.png 800w, https:\/\/groupefranc.com\/wp-content\/uploads\/2025\/12\/2-e1770843826183-200x200.png 200w\" sizes=\"(max-width: 1210px) 100vw, 1210px\" \/>\t\t\t\t\t\t\t\t\t\t\t\t\t\t\t<\/div>\n\t\t\t\t\t<\/div>\n\t\t<\/div>\n\t\t\t\t\t<\/div>\n\t\t<\/section>\n\t\t\t\t<\/div>\n\t\t","protected":false},"excerpt":{"rendered":"<p>AGENCE FRANC ARCHITECTURES BORDEAUX L\u2019AGENCE FRANC ARCHITECTURES BORDEAUX trouve son origine en 1993, lorsque Pierre d\u2019Avout fonde ARCHICONCEPT, une agence qui s\u2019impose rapidement dans le paysage r\u00e9gional par la qualit\u00e9 de ses projets et son exigence technique. En 2019, l\u2019agence rejoint le GROUPE FRANC ARCHITECTURES, avant de devenir officiellement AGENCE FRANC BORDEAUX en 2023. Cette \u00e9volution marque l\u2019affirmation d\u2019une nouvelle dynamique port\u00e9e par Jeffer Ogera, cofondateur de Studio Franc et aujourd\u2019hui Pr\u00e9sident de l\u2019agence, et par Danielle Campos Beauchesne, Directrice G\u00e9n\u00e9rale. \u00a0 \u00a0Tous deux apportent une vision nourrie par des ann\u00e9es de formation et de pratique aupr\u00e8s de figures internationales de l\u2019architecture, \u00c1lvaro Siza, Paulo Mendes da Rocha, Peter Cook, exp\u00e9riences qui conf\u00e8rent \u00e0 l\u2019agence un regard singulier, sensible et ma\u00eetris\u00e9. Leur gouvernance associe excellence technique, culture du projet construit et attention port\u00e9e au caract\u00e8re propre de chaque territoire. \u00a0 \u00a0Depuis plus de trente ans, l\u2019agence d\u00e9veloppe une large palette de comp\u00e9tences : architecture, ing\u00e9nierie, \u00e9conomie, assistance technique, direction des travaux, conception d\u2019espaces int\u00e9rieurs. Elle intervient dans des domaines vari\u00e9s, logistique, tertiaire, commerce, r\u00e9sidentiel, industrie, r\u00e9habilitation avec la m\u00eame exigence de pr\u00e9cision et de coh\u00e9rence. \u00a0 \u00a0Sa situation g\u00e9ographique au c\u0153ur d\u2019un territoire viticole d\u2019exception lui conf\u00e8re une expertise particuli\u00e8re dans les projets vini-viticoles, qui requi\u00e8rent une ma\u00eetrise technique fine, un rapport d\u00e9licat au b\u00e2ti existant et une attention \u00e0 l\u2019image comme au fonctionnement des lieux. L\u2019agence a notamment sign\u00e9 la r\u00e9habilitation du Ch\u00e2teau La Pointe \u00e0 Pomerol, d\u00e9montrant sa capacit\u00e9 \u00e0 conjuguer compr\u00e9hension du patrimoine, innovations techniques et \u00e9l\u00e9gance architecturale. \u00a0 \u00a0L\u2019AGENCE FRANC BORDEAUX est \u00e9galement \u00e0 l\u2019origine du si\u00e8ge social de Sephora \u00e0 Orl\u00e9ans, un projet embl\u00e9matique par sa sobri\u00e9t\u00e9, sa lisibilit\u00e9 et la qualit\u00e9 de son \u00e9criture architecturale. Elle poursuit aujourd\u2019hui son d\u00e9veloppement \u00e0 travers des op\u00e9rations d\u2019envergure telles que la plateforme logistique con\u00e7ue pour Quartus \u00e0 Ayguemorte-les-Graves, o\u00f9 elle affirme son savoir-faire dans la conception-r\u00e9alisation d\u2019ouvrages techniques, performants et parfaitement int\u00e9gr\u00e9s \u00e0 leur environnement. \u00a0 \u00a0Plus r\u00e9cemment, l\u2019agence s\u2019est distingu\u00e9e en remportant un concours majeur pour Disneyland Paris, d\u00e9velopp\u00e9 en partenariat avec AXESS ainsi que deux Appels \u00e0 projet pour le compte d\u2019Axdev\u00a0: la r\u00e9novation de l\u2019ancien site Renauld de Choisy le Roi et un parc d\u2019activit\u00e9 \u00e0 Croissy. \u00a0 \u00a0Ce succ\u00e8s t\u00e9moigne de sa capacit\u00e9 \u00e0 aborder des programmes de grande complexit\u00e9, m\u00ealant dimension technique, cr\u00e9ativit\u00e9 et ma\u00eetrise des enjeux op\u00e9rationnels. \u00a0 \u00a0Depuis son ancrage bordelais, l\u2019agence cultive une architecture pr\u00e9cise, attentive et contemporaine. Elle privil\u00e9gie la justesse du geste, la ma\u00eetrise constructive, la coh\u00e9rence d\u2019\u00e9chelle et l\u2019\u00e9l\u00e9gance des mati\u00e8res. Chaque projet est envisag\u00e9 comme une rencontre entre la technique, l\u2019usage et le territoire, avec la volont\u00e9 de concevoir des b\u00e2timents durables, lisibles et porteurs d\u2019une identit\u00e9 claire. Contact AGENCE FRANC BORDEAUX 23, rue Margaux \u2013 33000 Bordeaux T\u00e9l : 05 56 02 50 50contact@agencefranc-bx.com<\/p>\n","protected":false},"author":1,"featured_media":2199,"parent":2258,"menu_order":0,"comment_status":"closed","ping_status":"closed","template":"elementor_canvas","meta":{"_vp_format_video_url":"","_vp_image_focal_point":[],"footnotes":""},"class_list":["post-2197","page","type-page","status-publish","has-post-thumbnail","hentry"],"yoast_head":"<!-- This site is optimized with the Yoast SEO plugin v27.1.1 - https:\/\/yoast.com\/product\/yoast-seo-wordpress\/ -->\n<title>AGENCE FRANC ARCHITECTURES BORDEAUX - GROUPE FRANC ARCHITECTURES<\/title>\n<meta name=\"description\" content=\"Agence Franc Bordeaux (ex-Archiconcept). Architecture viticole, logistique et tertiaire en Nouvelle-Aquitaine. Dirig\u00e9e par Jeffer Ogera\" \/>\n<meta name=\"robots\" content=\"index, follow, max-snippet:-1, max-image-preview:large, max-video-preview:-1\" \/>\n<link rel=\"canonical\" href=\"https:\/\/groupefranc.com\/index.php\/agences\/agence-franc-architectures-bordeaux\/\" \/>\n<meta property=\"og:locale\" content=\"en_US\" \/>\n<meta property=\"og:type\" content=\"article\" \/>\n<meta property=\"og:title\" content=\"AGENCE FRANC ARCHITECTURES BORDEAUX\" \/>\n<meta property=\"og:description\" content=\"Agence Franc Bordeaux (ex-Archiconcept). Architecture viticole, logistique et tertiaire en Nouvelle-Aquitaine. Dirig\u00e9e par Jeffer Ogera\" \/>\n<meta property=\"og:url\" content=\"https:\/\/groupefranc.com\/index.php\/agences\/agence-franc-architectures-bordeaux\/\" \/>\n<meta property=\"og:site_name\" content=\"GROUPE FRANC ARCHITECTURES\" \/>\n<meta property=\"article:modified_time\" content=\"2026-03-06T09:51:14+00:00\" \/>\n<meta property=\"og:image\" content=\"https:\/\/groupefranc.com\/wp-content\/uploads\/2025\/12\/3-AGENCE-FRANC-ARCHITECTURES-BORDEAUX-scaled.png\" \/>\n\t<meta property=\"og:image:width\" content=\"2560\" \/>\n\t<meta property=\"og:image:height\" content=\"2560\" \/>\n\t<meta property=\"og:image:type\" content=\"image\/png\" \/>\n<meta name=\"twitter:card\" content=\"summary_large_image\" \/>\n<meta name=\"twitter:label1\" content=\"Est. reading time\" \/>\n\t<meta name=\"twitter:data1\" content=\"2 minutes\" \/>\n<script type=\"application\/ld+json\" class=\"yoast-schema-graph\">{\"@context\":\"https:\/\/schema.org\",\"@graph\":[{\"@type\":\"WebPage\",\"@id\":\"https:\/\/groupefranc.com\/index.php\/agences\/agence-franc-architectures-bordeaux\/\",\"url\":\"https:\/\/groupefranc.com\/index.php\/agences\/agence-franc-architectures-bordeaux\/\",\"name\":\"AGENCE FRANC ARCHITECTURES BORDEAUX - GROUPE FRANC ARCHITECTURES\",\"isPartOf\":{\"@id\":\"https:\/\/groupefranc.com\/#website\"},\"primaryImageOfPage\":{\"@id\":\"https:\/\/groupefranc.com\/index.php\/agences\/agence-franc-architectures-bordeaux\/#primaryimage\"},\"image\":{\"@id\":\"https:\/\/groupefranc.com\/index.php\/agences\/agence-franc-architectures-bordeaux\/#primaryimage\"},\"thumbnailUrl\":\"https:\/\/groupefranc.com\/wp-content\/uploads\/2025\/11\/image_2025-11-11_123532976.png\",\"datePublished\":\"2025-11-11T11:34:29+00:00\",\"dateModified\":\"2026-03-06T09:51:14+00:00\",\"description\":\"Agence Franc Bordeaux (ex-Archiconcept). Architecture viticole, logistique et tertiaire en Nouvelle-Aquitaine. Dirig\u00e9e par Jeffer Ogera\",\"breadcrumb\":{\"@id\":\"https:\/\/groupefranc.com\/index.php\/agences\/agence-franc-architectures-bordeaux\/#breadcrumb\"},\"inLanguage\":\"en-US\",\"potentialAction\":[{\"@type\":\"ReadAction\",\"target\":[\"https:\/\/groupefranc.com\/index.php\/agences\/agence-franc-architectures-bordeaux\/\"]}]},{\"@type\":\"ImageObject\",\"inLanguage\":\"en-US\",\"@id\":\"https:\/\/groupefranc.com\/index.php\/agences\/agence-franc-architectures-bordeaux\/#primaryimage\",\"url\":\"https:\/\/groupefranc.com\/wp-content\/uploads\/2025\/11\/image_2025-11-11_123532976.png\",\"contentUrl\":\"https:\/\/groupefranc.com\/wp-content\/uploads\/2025\/11\/image_2025-11-11_123532976.png\",\"width\":800,\"height\":800,\"caption\":\"ARCHICONCEPT logo\"},{\"@type\":\"BreadcrumbList\",\"@id\":\"https:\/\/groupefranc.com\/index.php\/agences\/agence-franc-architectures-bordeaux\/#breadcrumb\",\"itemListElement\":[{\"@type\":\"ListItem\",\"position\":1,\"name\":\"Home\",\"item\":\"https:\/\/groupefranc.com\/\"},{\"@type\":\"ListItem\",\"position\":2,\"name\":\"Agences\",\"item\":\"https:\/\/groupefranc.com\/index.php\/agences\/\"},{\"@type\":\"ListItem\",\"position\":3,\"name\":\"AGENCE FRANC ARCHITECTURES BORDEAUX\"}]},{\"@type\":\"WebSite\",\"@id\":\"https:\/\/groupefranc.com\/#website\",\"url\":\"https:\/\/groupefranc.com\/\",\"name\":\"GROUPE FRANC ARCHITECTURES\",\"description\":\"\",\"publisher\":{\"@id\":\"https:\/\/groupefranc.com\/#organization\"},\"potentialAction\":[{\"@type\":\"SearchAction\",\"target\":{\"@type\":\"EntryPoint\",\"urlTemplate\":\"https:\/\/groupefranc.com\/?s={search_term_string}\"},\"query-input\":{\"@type\":\"PropertyValueSpecification\",\"valueRequired\":true,\"valueName\":\"search_term_string\"}}],\"inLanguage\":\"en-US\"},{\"@type\":\"Organization\",\"@id\":\"https:\/\/groupefranc.com\/#organization\",\"name\":\"GROUPE FRANC ARCHITECTURES\",\"url\":\"https:\/\/groupefranc.com\/\",\"logo\":{\"@type\":\"ImageObject\",\"inLanguage\":\"en-US\",\"@id\":\"https:\/\/groupefranc.com\/#\/schema\/logo\/image\/\",\"url\":\"https:\/\/groupefranc.com\/wp-content\/uploads\/2021\/12\/cropped-logo.png\",\"contentUrl\":\"https:\/\/groupefranc.com\/wp-content\/uploads\/2021\/12\/cropped-logo.png\",\"width\":705,\"height\":723,\"caption\":\"GROUPE FRANC ARCHITECTURES\"},\"image\":{\"@id\":\"https:\/\/groupefranc.com\/#\/schema\/logo\/image\/\"},\"sameAs\":[\"https:\/\/www.linkedin.com\/company\/groupe-franc\/\"]}]}<\/script>\n<!-- \/ Yoast SEO plugin. -->","yoast_head_json":{"title":"AGENCE FRANC ARCHITECTURES BORDEAUX - GROUPE FRANC ARCHITECTURES","description":"Agence Franc Bordeaux (ex-Archiconcept). Architecture viticole, logistique et tertiaire en Nouvelle-Aquitaine. Dirig\u00e9e par Jeffer Ogera","robots":{"index":"index","follow":"follow","max-snippet":"max-snippet:-1","max-image-preview":"max-image-preview:large","max-video-preview":"max-video-preview:-1"},"canonical":"https:\/\/groupefranc.com\/index.php\/agences\/agence-franc-architectures-bordeaux\/","og_locale":"en_US","og_type":"article","og_title":"AGENCE FRANC ARCHITECTURES BORDEAUX","og_description":"Agence Franc Bordeaux (ex-Archiconcept). Architecture viticole, logistique et tertiaire en Nouvelle-Aquitaine. Dirig\u00e9e par Jeffer Ogera","og_url":"https:\/\/groupefranc.com\/index.php\/agences\/agence-franc-architectures-bordeaux\/","og_site_name":"GROUPE FRANC ARCHITECTURES","article_modified_time":"2026-03-06T09:51:14+00:00","og_image":[{"width":2560,"height":2560,"url":"https:\/\/groupefranc.com\/wp-content\/uploads\/2025\/12\/3-AGENCE-FRANC-ARCHITECTURES-BORDEAUX-scaled.png","type":"image\/png"}],"twitter_card":"summary_large_image","twitter_misc":{"Est. reading time":"2 minutes"},"schema":{"@context":"https:\/\/schema.org","@graph":[{"@type":"WebPage","@id":"https:\/\/groupefranc.com\/index.php\/agences\/agence-franc-architectures-bordeaux\/","url":"https:\/\/groupefranc.com\/index.php\/agences\/agence-franc-architectures-bordeaux\/","name":"AGENCE FRANC ARCHITECTURES BORDEAUX - GROUPE FRANC ARCHITECTURES","isPartOf":{"@id":"https:\/\/groupefranc.com\/#website"},"primaryImageOfPage":{"@id":"https:\/\/groupefranc.com\/index.php\/agences\/agence-franc-architectures-bordeaux\/#primaryimage"},"image":{"@id":"https:\/\/groupefranc.com\/index.php\/agences\/agence-franc-architectures-bordeaux\/#primaryimage"},"thumbnailUrl":"https:\/\/groupefranc.com\/wp-content\/uploads\/2025\/11\/image_2025-11-11_123532976.png","datePublished":"2025-11-11T11:34:29+00:00","dateModified":"2026-03-06T09:51:14+00:00","description":"Agence Franc Bordeaux (ex-Archiconcept). Architecture viticole, logistique et tertiaire en Nouvelle-Aquitaine. Dirig\u00e9e par Jeffer Ogera","breadcrumb":{"@id":"https:\/\/groupefranc.com\/index.php\/agences\/agence-franc-architectures-bordeaux\/#breadcrumb"},"inLanguage":"en-US","potentialAction":[{"@type":"ReadAction","target":["https:\/\/groupefranc.com\/index.php\/agences\/agence-franc-architectures-bordeaux\/"]}]},{"@type":"ImageObject","inLanguage":"en-US","@id":"https:\/\/groupefranc.com\/index.php\/agences\/agence-franc-architectures-bordeaux\/#primaryimage","url":"https:\/\/groupefranc.com\/wp-content\/uploads\/2025\/11\/image_2025-11-11_123532976.png","contentUrl":"https:\/\/groupefranc.com\/wp-content\/uploads\/2025\/11\/image_2025-11-11_123532976.png","width":800,"height":800,"caption":"ARCHICONCEPT logo"},{"@type":"BreadcrumbList","@id":"https:\/\/groupefranc.com\/index.php\/agences\/agence-franc-architectures-bordeaux\/#breadcrumb","itemListElement":[{"@type":"ListItem","position":1,"name":"Home","item":"https:\/\/groupefranc.com\/"},{"@type":"ListItem","position":2,"name":"Agences","item":"https:\/\/groupefranc.com\/index.php\/agences\/"},{"@type":"ListItem","position":3,"name":"AGENCE FRANC ARCHITECTURES BORDEAUX"}]},{"@type":"WebSite","@id":"https:\/\/groupefranc.com\/#website","url":"https:\/\/groupefranc.com\/","name":"GROUPE FRANC ARCHITECTURES","description":"","publisher":{"@id":"https:\/\/groupefranc.com\/#organization"},"potentialAction":[{"@type":"SearchAction","target":{"@type":"EntryPoint","urlTemplate":"https:\/\/groupefranc.com\/?s={search_term_string}"},"query-input":{"@type":"PropertyValueSpecification","valueRequired":true,"valueName":"search_term_string"}}],"inLanguage":"en-US"},{"@type":"Organization","@id":"https:\/\/groupefranc.com\/#organization","name":"GROUPE FRANC ARCHITECTURES","url":"https:\/\/groupefranc.com\/","logo":{"@type":"ImageObject","inLanguage":"en-US","@id":"https:\/\/groupefranc.com\/#\/schema\/logo\/image\/","url":"https:\/\/groupefranc.com\/wp-content\/uploads\/2021\/12\/cropped-logo.png","contentUrl":"https:\/\/groupefranc.com\/wp-content\/uploads\/2021\/12\/cropped-logo.png","width":705,"height":723,"caption":"GROUPE FRANC ARCHITECTURES"},"image":{"@id":"https:\/\/groupefranc.com\/#\/schema\/logo\/image\/"},"sameAs":["https:\/\/www.linkedin.com\/company\/groupe-franc\/"]}]}},"_links":{"self":[{"href":"https:\/\/groupefranc.com\/index.php\/wp-json\/wp\/v2\/pages\/2197","targetHints":{"allow":["GET"]}}],"collection":[{"href":"https:\/\/groupefranc.com\/index.php\/wp-json\/wp\/v2\/pages"}],"about":[{"href":"https:\/\/groupefranc.com\/index.php\/wp-json\/wp\/v2\/types\/page"}],"author":[{"embeddable":true,"href":"https:\/\/groupefranc.com\/index.php\/wp-json\/wp\/v2\/users\/1"}],"replies":[{"embeddable":true,"href":"https:\/\/groupefranc.com\/index.php\/wp-json\/wp\/v2\/comments?post=2197"}],"version-history":[{"count":61,"href":"https:\/\/groupefranc.com\/index.php\/wp-json\/wp\/v2\/pages\/2197\/revisions"}],"predecessor-version":[{"id":16432,"href":"https:\/\/groupefranc.com\/index.php\/wp-json\/wp\/v2\/pages\/2197\/revisions\/16432"}],"up":[{"embeddable":true,"href":"https:\/\/groupefranc.com\/index.php\/wp-json\/wp\/v2\/pages\/2258"}],"wp:featuredmedia":[{"embeddable":true,"href":"https:\/\/groupefranc.com\/index.php\/wp-json\/wp\/v2\/media\/2199"}],"wp:attachment":[{"href":"https:\/\/groupefranc.com\/index.php\/wp-json\/wp\/v2\/media?parent=2197"}],"curies":[{"name":"wp","href":"https:\/\/api.w.org\/{rel}","templated":true}]}}